 + 4, 0 = 2*s + 2*h + 2. Let k be p(s). Let r be (k/15 - 0)*25. What is the greatest common factor of r and 12?
6
Let c = 70 + 42. Suppose 0 = -31*m + 24*m + c. Calculate the highest common factor of m and 32.
16
Let y(n) = -n**3 + 6*n**2 - 6. Let x be y(2). Let g = 8 + x. What is the greatest common divisor of g and 54?
18
Suppose -5 = -2*u + c, 8*u - 2 = 9*u + 4*c. What is the highest common divisor of u and 5?
1
Suppose 5*x + 4*q - 94 = 0, q = 2*x - q - 34. Let p be 24/x*(-81)/(-6). What is the greatest common factor of 72 and p?
18
Let h(b) = 25*b - 2. Let x be h(-1). Let q(r) = -4*r - 28. Let a be q(x). What is the greatest common factor of 32 and a?
16
Let j be (-53)/(-5) - ((-14)/5)/7. Suppose -3*c = -j - 55. What is the highest common divisor of c and 154?
22
Let k be (-180)/(-22) + ((-408)/66 - -6). Suppose i = g + 9, 0 = -k*i + 3*i - 5*g + 65. What is the greatest common divisor of i and 275?
11
Let z(h) = -h**2 - 6*h + 1. Let x be z(5). Let y = x - -76. What is the greatest common factor of 176 and y?
22
Let c(r) = -r**3 + 12*r**2 + 2*r - 12. Let m be c(12). Let d = 13 - m. Let u be d/(-4) + (-30)/(-24). Calculate the greatest common factor of u and 3.
1
Suppose 12 = 2*b - 0*b - u, 4*u = 2*b - 6. Let y(g) = -2*g**2 + 2*g - 10. Let n be y(b). Let r = 159 + n. Calculate the highest common divisor of r and 26.
13
Let o(d) = 13*d**3 - d**2 + 3*d - 2. Let g = 10 + -9. Let p be o(g). Let w = 14 - p. Calculate the highest common divisor of w and 9.
1
Suppose -w - 16 - 3 = 0. Let b(k) = -10*k - 36. Let j be b(w). Let o = 8 + 6. What is the highest common factor of o and j?
14
Let i be (-73)/(-1) + (-1)/8*-40. Calculate the highest common divisor of 273 and i.
39
Suppose 0 = -6*m + 2*m + 16. Suppose -7 = -m*k + 133. What is the greatest common factor of k and 7?
7
Suppose 3*o - 74 = -2*k, -2*o = 4*k - 7 - 37. Suppose 50*b - 922 = 2328. What is the greatest common divisor of o and b?
13
Let s = 61 + -33. Let l(u) = 26*u. Let h be l(4). Let x = h - 62. Calculate the highest common divisor of x and s.
14
Suppose 3*t + 22 = 5*z, -6 = 2*z + 5*t + 10. Suppose 8*k - 3*k = 0. Let w = 12 - k. What is the highest common divisor of z and w?
2
Let a be 7 - -6 - (-11 + 6). What is the greatest common factor of a and 558?
18
Suppose -160 = -5*v + v. Let a be 2/16 + (-11844)/(-1504). Calculate the highest common factor of v and a.
8
Let t = -138 + 219. Suppose 0*y = -9*y + t. Calculate the greatest common factor of 9 and y.
9
Let x = 10 + -7. Suppose -c = 8*g - x*g + 5, 4*c + 20 = 4*g. Suppose 0 = 2*t - l - 22, -2*t - l + 5 + 13 = g. Calculate the highest common divisor of t and 20.
10
Suppose -x + 3 + 1 = 0. Suppose 0 = x*k + 5*g - 11, 0 = g + 1. Let l(z) = 2*z + 8. Let o be l(0). What is the greatest common factor of o and k?
4
Suppose -3*b + 52 + 20 = 0. Let q(w) = -4*w**3 - w**2 + 5*w + 6. Let m be q(-4). Let x = m + -154. What is the highest common factor of b and x?
24
Let r be ((-399)/(-42))/(1 + (-34)/36). Calculate the greatest common divisor of r and 63.
9
Suppose 853 - 3013 = -12*x. What is the greatest common divisor of x and 40?
20
Let m = -283 - -322. Calculate the highest common factor of m and 3.
3
Let c be 4/6 - (-322)/3. Let x(p) = p**3 + 2*p**2 + 3*p - 5. Let q be x(3). Suppose 25 - q = -2*b. What is the greatest common divisor of b and c?
12
Let p(h) = 6*h + 2. Let o be p(3). Suppose 57 = -10*c + 32*c - 383. Calculate the greatest common divisor of o and c.
20
Suppose h = -0 - 10. Let b = h - -32. Suppose 3*y + p - 109 = -p, -3*y + 2*p + 89 = 0. What is the highest common factor of y and b?
11
Suppose -25 = -3*p - 2*p. Suppose 0 = -26*g + 27*g - 32. Let u = g - 27. Calculate the highest common divisor of p and u.
5
Let b = 138 + -5. Calculate the greatest common divisor of 19 and b.
19
Let k(q) = -q**3 + 25*q**2 - 149*q + 2. Let g be k(15). Calculate the highest common factor of 1343 and g.
17
Suppose 5*l + f - 512 = 4*l, l - 506 = 2*f. What is the greatest common divisor of l and 90?
30
Let x be 4/(-10) - (-96)/15. Let b = -163 - -178. What is the highest common divisor of x and b?
3
Suppose 0 = 4*w - 8*w + 20. Let z(v) = -v + 1. Let a be z(w). Let l be (-46)/(-8) + a/(-16). Calculate the greatest common divisor of l and 42.
6
Let l(c) = 2*c + 9. Let d be l(-5). Let m be (d + -3 - -2)/(-2). Calculate the highest common divisor of 9 and m.
1
Suppose -6*i = 227 - 287. Calculate the greatest common divisor of i and 45.
5
Suppose -153*q = -148*q - 250. What is the greatest common divisor of 925 and q?
25
Let c(d) = 4*d**2 + 24*d + 6. Let b be c(-8). Calculate the highest common factor of b and 20.
10
Suppose 9*d = 1180 - 208. Calculate the highest common factor of d and 66.
6
Suppose 2*b - 15 = -1. Suppose 13*a - 77 = 12*a. Calculate the highest common factor of b and a.
7
Suppose 23250 = 72*y + 3*y. What is the highest common factor of y and 372?
62
Let j be (-2)/(-12) + (-308)/(-24). What is the greatest common divisor of 1703 and j?
13
Suppose -126 = -5*q + 124. Calculate the highest common divisor of q and 25.
25
Let m be 6/4*88/12. Let u = -11 + m. Suppose u = b + 4*q - 103, -4*q = 2*b - 225 + 7. Calculate the greatest common divisor of b and 23.
23
Suppose -30 + 21 = -3*y. Let w be (-8)/y*495/(-44). Suppose -3*n = 4*j - 315, -4*j + 325 = -5*n + 50. What is the highest common factor of w and j?
15
Suppose 251 = 3*d + 3*k + 26, 3*k = -2*d + 153. Suppose 0*v - d = -2*v. Calculate the greatest common factor of v and 12.
12
Let d be 7/(-4) + 2 + (-1822)/(-8). What is the greatest common factor of d and 608?
76
Let x(h) = 15*h**2 - 3*h + 3. Let s be x(4). Calculate the greatest common divisor of 22 and s.
11
Let j be 389 - ((-8)/12 - (-1)/(-3)). Suppose 0 = 4*b - 5*x - j, 0 = -2*b + b + 5*x + 90. Calculate the greatest common factor of b and 40.
20
Suppose 4*u = 10*u - 264. Suppose -3 = -7*m + 25. What is the highest common divisor of m and u?
4
Let p(h) = 0*h**2 - 18 + 29 - h**2 + 3*h. Let i be p(5). Calculate the greatest common divisor of 11 and i.
1
Let g be 1/(-2)*(-4 + 6). Let w be g + 2 - (-1 + -169). Calculate the greatest common divisor of w and 19.
19
Let d(m) = -9*m**2 - 6*m. Let g be d(-4). Let x = g - -186. Let w be ((-1)/(-2))/(5/60). Calculate the greatest common divisor of w and x.
6
Suppose 281 = 2*b - 93. Calculate the highest common divisor of b and 44.
11
Let d(i) = 18*i + 916. Let s be d(-46). Calculate the highest common divisor of s and 2376.
88
Suppose -3*a = -4*m + m - 90, -m - 4*a = 40. Let h = m + 62. Calculate the highest common factor of h and 105.
15
Let g(n) = -n**3 + 3*n + 9 + 3*n - 2*n**2 + 2*n. Let r be g(-4). Calculate the greatest common divisor of 45 and r.
9
Let v = 533 - 510. What is the greatest common factor of 368 and v?
23
Let p(t) = 4*t + 35. Let q be p(-9). Let o(x) = -6*x + 1. Let r be o(q). Calculate the highest common divisor of r and 35.
7
Let b(o) = o - 4. Let p be b(4). Let d(n) = 14 + n**2 + 10 + p*n**2 - 2*n. Let t be d(0). What is the greatest common factor of 36 and t?
12
Let x(z) = 38*z + 22. Let u be x(-4). Let j = u + 162. What is the greatest common factor of 176 and j?
16
Let d = 15 + -27. Let l = d - -27. Suppose 8*q = -26*q + 102. Calculate the highest common factor of l and q.
3
Let n = -148 + 133. Let c be (-351)/n*-1*-5. What is the highest common divisor of 78 and c?
39
Let m(i) = i + 2. Let v be m(3). Suppose 0 = 2*z + v*z - 14. Let n be (-12 - 3)*(-2)/3. What is the greatest common factor of n and z?
2
Suppose 3*i = 3*p - 8 - 13, -3*p - 5*i = -5. Suppose 5 = 4*r + r, -x + p*r = -34. What is the highest common factor of 26 and x?
13
Suppose -x + 62 = 2. Let r(g) = g**3 + 11*g**2 + 6*g - 4. Let f be -3 + (2 - (-24)/(-4)). Let u be r(f). Calculate the greatest common divisor of u and x.
30
Let r(g) = 3*g + 56. Let p be r(-13). What is the greatest common divisor of 68 and p?
17
Let s(m) = -17*m + 130. Let t be s(-2). Calculate the greatest common factor of 1066 and t.
82
Suppose -7*s + 21 = -0*s. Calculate the highest common factor of 3 and s.
3
Let s(g) = -3*g**2 - 38*g - 8. Let y(o) = -o**2 - 19*o - 4. Let f(r) = -3*s(r) + 7*y(r). Let m be f(10). What is the highest common divisor of m and 102?
6
Let u(z) = -2*z + 20. Let x be u(7). Calculate the highest common factor 